he units digit of o + -8 + 4 + 1 + 31?
9
Let o be 5 + 6 + 3*-1. Suppose -3*f + 14 = -4. Let u = o - f. What is the units digit of u?
2
Suppose 0 = -9*m - 311 + 4865. What is the units digit of m?
6
What is the tens digit of (-7)/2*-6*(-715)/(-231)?
6
Suppose -c + 3*x = -3, 4*c = -0*x + 3*x - 24. Let p(h) = -h - 5. Let u(o) = -5. Let l(d) = 4*p(d) - 3*u(d). What is the tens digit of l(c)?
3
What is the tens digit of 8 - 3/3 - -236?
4
Suppose -5*z + x = -4169, 8*z = 3*z - 4*x + 4174. What is the hundreds digit of z?
8
Let a = 8 + -5. Suppose -a*v = v - 68. Suppose 0 = 4*j - v - 19. What is the units digit of j?
9
Suppose 0 = b + 4*d - 218, 4*b - 2*b - 424 = -5*d. Let k = b - 132. What is the units digit of k?
0
Suppose 4*j - 2*j + 726 = x, 0 = 2*j + 10. What is the units digit of x?
6
Let x be 2 + 2 + 26 + -3. Suppose 4*i = -t + 29, 4*i = -3*t + 12 + x. Suppose 0 = -i*k + 4*k + 116. What is the tens digit of k?
5
Let a(d) = -9*d - 50. Let j be a(-6). Suppose -j*s - 203 = -699. What is the hundreds digit of s?
1
Let l = 1075 + -581. What is the tens digit of l?
9
Let x(d) = d**3 + 4*d**2 + d + 4. Let a be x(-4). Suppose v + a*w - 11 = 2*w, -w - 4 = v. What is the units digit of v?
1
Let j(q) = -q**3 - q**2 + 3*q - 1. Let i be (4 - 1) + (-4)/(-4). Let s be j(i). Let n = -48 - s. What is the units digit of n?
1
Suppose -5*y + 3 = -2. Let q be (y - (-519)/(-6))*-2. What is the units digit of q/15 - (-2)/(-5)?
1
Let m(u) = 2*u - 55. Let h be m(0). Let t be (-22)/h - (-468)/5. Suppose -5*k + b + 152 = 0, -2*b - t = -4*k + k. What is the tens digit of k?
3
Let h be (3/(-2))/(21/(-1498)). What is the units digit of ((-2)/(-3) - 2/(-6)) + h?
8
Let c(u) = 2*u**2 - 5*u - 1. Let n be c(5). What is the tens digit of 6*n/(4 - 0)?
3
Let x = 4 - -857. What is the hundreds digit of x?
8
Suppose 6389 = 2*o + 2*g + g, o = 4*g + 3200. What is the hundreds digit of o?
1
Suppose -z - 3520 = 10*z. Let h = z + 557. What is the hundreds digit of h?
2
What is the hundreds digit of 9*((-180)/25)/(3/(-15))?
3
Suppose 2*t = -5*q + 1008, 1512 = 21*t - 18*t - 2*q. What is the tens digit of t?
0
What is the thousands digit of 0 + (-198916)/(-42) + 56/(-588)?
4
Let u = -17 + 192. Suppose 5*f - u = 35. What is the units digit of f?
2
Let a(s) = -s**3 + 7*s**2 - 5*s + 4. Let p be a(3). What is the units digit of -2 - p*(3 + -4)?
3
Suppose -1 = -2*h + 1, -z + 2 = -2*h. Suppose z*v - 7*v + 168 = 0. Let b = -30 + v. What is the tens digit of b?
2
What is the hundreds digit of 6*((-4978)/(-20) - 50/125)?
4
Let s be (-2)/(-5) + (-2608)/20. Let k = 368 + s. What is the units digit of k?
8
Let x(y) = y**2 - 2*y - 4. Let t be x(-4). Let a(v) = v**2 + 2*v + 2. Let r be a(5). Suppose -3*p + r = -3*q + q, t = -4*q. What is the units digit of p?
9
Suppose -35*z - 33*z = -53924. What is the tens digit of z?
9
Let b = -3003 + 4297. What is the thousands digit of b?
1
Suppose 39*y = 35*y + 396. Let z = y - 14. What is the tens digit of z?
8
Let q(j) = 47*j + 2. Suppose m + 0*m + 18 = 5*x, -x = -4. Let g be q(m). What is the units digit of (g/(-36))/((-1)/12)?
2
Let o = 2433 - 230. What is the thousands digit of o?
2
Suppose 0 = 3*w, 40 + 185 = 5*h + 4*w. Suppose -548 = 4*s + 2*z, -470 = 4*s - 4*z + 54. What is the units digit of (27/h)/((-3)/s)?
7
Let l = 14 - 7. Let s = -4 - 3. What is the units digit of (-9)/s + (-2)/l?
1
Suppose -4*h - 1026 = 2*z, -z - 4*h = 296 + 225. Let b = z - -732. What is the units digit of b?
7
Let t(i) be the second derivative of i**4/6 + 2*i**3 - 5*i**2/2 - 16*i. What is the units digit of t(-10)?
5
Let n be (249/9)/((-175)/(-45) - 4). Let r = -156 - n. What is the units digit of r?
3
Let t be (-1)/(2/36*-2). Let a = 18 - t. Suppose -a = -k + 14. What is the tens digit of k?
2
Suppose -28 = -4*m + 2*d - 8, 4*m = 3*d + 22. Suppose 5*n = 0, j = -m*j + 2*n + 60. Let o = 13 + j. What is the tens digit of o?
2
Let c(t) = 16*t**2 + 1. Let o be c(1). Suppose -3*y + o - 8 = 0. Suppose 86 = y*v + 2. What is the tens digit of v?
2
Let w(m) = 9*m**3 - 5*m**2 + 11*m - 6. What is the hundreds digit of w(5)?
0
Let c(v) = 144*v**3 - v**2 - 2*v - 2. Let n be c(-1). Let o = n - -352. What is the hundreds digit of o?
2
Suppose 0 = 4*k - 2*k - 18. Let j = 16 - k. Let p = j - -7. What is the tens digit of p?
1
Let u = -16 + 18. What is the units digit of (u - -11*3) + -4?
1
Let y(t) = 133*t + 265. What is the tens digit of y(12)?
6
Suppose 0 = -102*a + 252729 + 194847. What is the thousands digit of a?
4
Suppose 0 = -5*x - 5*d + 35, -x - 17 = -2*d - 3*d. Suppose -21 = -x*r + 15. What is the units digit of r?
2
Suppose -443 - 1744 = -3*k. What is the hundreds digit of k?
7
What is the units digit of -4 - (-8)/4 - -303?
1
Let n(q) = 45*q**2 + 6*q - 10. What is the units digit of n(3)?
3
Let u(g) = -g**2 + 14*g + 14 + 1 - 7 + 7. Let z = 5 + 6. What is the units digit of u(z)?
8
Suppose -29*k + 5008 = -17119. What is the units digit of k?
3
Suppose 3*h = -s + 156, -2*s + 312 = 6*h - 5*h. What is the units digit of s?
6
Let m(i) = i + 48. Suppose 0 = -4*s - s. Let l be m(s). What is the units digit of (-4 + 3)/((-2)/l)?
4
What is the tens digit of 45/30*(-8)/18*-573?
8
Suppose 0*h + g - 136 = -3*h, -g = -1. What is the tens digit of -3 + h + 2/2?
4
Suppose l + l = 0. Let k = 2 + 3. Suppose 3*j - k = -4*c - 1, -4*j = l. What is the units digit of c?
1
Suppose -4*h + f + 10013 = 1142, -3*h + 3*f + 6642 = 0. What is the units digit of h?
9
Let b = -2746 + 1597. What is the units digit of 2/10 - b/5?
0
Suppose -5*f + 28 = -3*t, 3*t = 4*t - 4*f + 21. Let j = 40 + t. What is the units digit of j?
9
Let m(u) = 48*u**3 + 11*u**2 + 20*u - 5. Let n(x) = 16*x**3 + 4*x**2 + 7*x - 2. Let w(d) = -4*m(d) + 11*n(d). What is the tens digit of w(-1)?
1
What is the thousands digit of ((-2031)/6)/((-7)/28)?
1
Let i(h) = h**3 + 2*h**2 + 3*h - 7. Let x be i(0). Let v(n) = 15 + 1 - n + 2*n. What is the units digit of v(x)?
9
Suppose -3*j + 184 = -149. What is the tens digit of j?
1
Let m(x) = x**3 - 8*x**2 + 4*x - 6. Let u be m(5). Let h = -21 - u. Suppose -429 = -7*d + h. What is the tens digit of d?
6
Suppose 2*d - 3*a = -6, 0 = -2*d - 2*a - 0*a - 6. What is the units digit of (-938)/(-21) - (-2)/d?
4
Let u = 5 - -4. Let n(v) = 3*v + 20. What is the tens digit of n(u)?
4
Let s = -22 + 16. Suppose 0 = 67*w - 70*w - a - 3, -6 = 3*w + 2*a. Let v = w - s. What is the units digit of v?
6
Let v(j) = -3*j - 2. Let n(z) = -2*z - 1. Let u be -3*(-7)/(-3) - -3. Let y(i) = u*n(i) + 3*v(i). What is the units digit of y(-6)?
4
Suppose 0 = -5*d + d + 20. Suppose 0 = -d*g + 213 + 2. What is the tens digit of g?
4
Suppose 0 = -49*u + 48*u. Suppose -2*h + 3*z + 266 = 0, h = -u*h + 5*z + 147. What is the hundreds digit of h?
1
Suppose 3*c - 41 - 199 = 0. Suppose -3*w + 8*w - c = 0. What is the tens digit of w?
1
Suppose -4*x + 669 = -1635. What is the units digit of x?
6
Let t be (-8)/12 + (-4)/(-6). Suppose 5*y + j - 102 - 642 = t, -5*y - 4*j = -741. What is the tens digit of y?
4
Let x be ((-2)/9)/((-4)/36). Let j be (x - -1)*(-8)/6. What is the units digit of 116/j*(1 + -2)?
9
Suppose -3 - 12 = -5*h + 5*c, 3*h + 4*c = 9. Let u be 15/(3/(-2) + h). What is the tens digit of ((-4)/u)/((-2)/60)?
1
Let j be (-42)/(-8)*(-16)/(-6). Let o = j - 11. Suppose 0*p + o*p = 5*d - 191, 2*p = 5*d - 189. What is the tens digit of d?
3
Let j(p) = p**2 - 8*p + 7. Let y be j(8). Suppose 3*w = y*w + 28. Let l(t) = -t + 6. What is the tens digit of l(w)?
1
Let m(w) = -w**3 + 29*w**2 - 26*w + 68. What is the tens digit of m(28)?
2
Let n = -22 + 30. Suppose -n*h + 6*h + 228 = 0. Suppose 5*l - h = 226. What is the tens digit of l?
6
Suppose -4116 - 8824 = -10*o. What is the tens digit of o?
9
Suppose -671 = -2*r - 54*n + 57*n, 0 = 2*r + 4*n - 664. What is the hundreds digit of r?
3
Let r(a) = -a - 1. Let d be (36/(-10))/((-1)/20*-3). What is the units digit of r(d)?
3
Let p(i) = 59*i**2 + 2*i - 2. Suppose 2*m = -4*m + 6. What is the tens digit of p(m)?
5
Let o(q) = 2*q**2 + 3*q - 3. Suppose 4 = m - 0*m - v, -2*v + 27 = 5*m. What is the tens digit of o(m)?
6
Suppose z = 436 + 139. What is the tens digit of z?
7
Let u = -54 - -56. What is the units digit of ((3 + -2)*-49)/(-3 + u)?
9
Let v = -33 + 16. Suppose -b - 3*b = 4*n - 160, 5*b = -3*n + 118